{"id":2350,"date":"2023-08-28T20:26:15","date_gmt":"2023-08-28T20:26:15","guid":{"rendered":"https:\/\/edmaspa.cl\/?post_type=product&#038;p=2350"},"modified":"2024-10-07T15:40:56","modified_gmt":"2024-10-07T15:40:56","slug":"aceite-80w-90-946-ml","status":"publish","type":"product","link":"https:\/\/edmaspa.cl\/index.php\/producto\/aceite-80w-90-946-ml\/","title":{"rendered":"ACEITE 80W 90 946 ML"},"content":{"rendered":"<p>ACEITE 80W 90 946 ML<\/p>\n<p>Lubricante VALVOLINE 80W90 Mineral GL-5 es un aceite mineral para transmisiones de engranajes hipoidales en cajas de velocidad y diferenciales en uso severo de velocidad y carga. Apto para un amplio rango de temperaturas, High Performance Gear Oil 80W90 VALVOLINE est\u00e1 dise\u00f1ado para proveer excelente capacidad de transporte de carga, antiespuma, demulsibilidad y protecci\u00f3n anticorrosiva. Formulado para cajas de cambios mec\u00e1nicas y diferenciales que especifiquen API GL-5, incluidos aquellos equipos con diferenciales con desplazamiento limitado. No recomendado para diferenciales con sistemas autoblocante.<\/p>\n","protected":false},"excerpt":{"rendered":"<p>ACEITE 80W 90 946 ML Lubricante VALVOLINE 80W90 Mineral GL-5 es un aceite mineral para transmisiones de engranajes hipoidales en cajas de velocidad y diferenciales en uso severo de velocidad y carga. Apto para un amplio rango de temperaturas, High Performance Gear Oil 80W90 VALVOLINE est\u00e1 dise\u00f1ado para proveer excelente capacidad de transporte de carga, &hellip;<\/p>\n<p class=\"read-more\"> <a class=\"\" href=\"https:\/\/edmaspa.cl\/index.php\/producto\/aceite-80w-90-946-ml\/\"> <span class=\"screen-reader-text\">ACEITE 80W 90 946 ML<\/span> Leer m\u00e1s &raquo;<\/a><\/p>\n","protected":false},"featured_media":2572,"template":"","meta":{"_uag_custom_page_level_css":"","site-sidebar-layout":"default","site-content-layout":"default","ast-global-header-display":"","ast-main-header-display":"","ast-hfb-above-header-display":"","ast-hfb-below-header-display":"","ast-hfb-mobile-header-display":"","site-post-title":"","ast-breadcrumbs-content":"","ast-featured-img":"","footer-sml-layout":"","theme-transparent-header-meta":"default","adv-header-id-meta":"","stick-header-meta":"","header-above-stick-meta":"","header-main-stick-meta":"","header-below-stick-meta":"","_joinchat":[]},"product_brand":[],"product_cat":[61],"product_tag":[],"class_list":{"0":"post-2350","1":"product","2":"type-product","3":"status-publish","4":"has-post-thumbnail","6":"product_cat-aceites","7":"desktop-align-left","8":"tablet-align-left","9":"mobile-align-left","11":"first","12":"instock","13":"taxable","14":"shipping-taxable","15":"purchasable","16":"product-type-simple"},"uagb_featured_image_src":{"full":["https:\/\/edmaspa.cl\/wp-content\/uploads\/2023\/08\/80w90-2.png",1080,1080,false],"thumbnail":["https:\/\/edmaspa.cl\/wp-content\/uploads\/2023\/08\/80w90-2-150x150.png",150,150,true],"medium":["https:\/\/edmaspa.cl\/wp-content\/uploads\/2023\/08\/80w90-2-300x300.png",300,300,true],"medium_large":["https:\/\/edmaspa.cl\/wp-content\/uploads\/2023\/08\/80w90-2-768x768.png",768,768,true],"large":["https:\/\/edmaspa.cl\/wp-content\/uploads\/2023\/08\/80w90-2-1024x1024.png",1024,1024,true],"1536x1536":["https:\/\/edmaspa.cl\/wp-content\/uploads\/2023\/08\/80w90-2.png",1080,1080,false],"2048x2048":["https:\/\/edmaspa.cl\/wp-content\/uploads\/2023\/08\/80w90-2.png",1080,1080,false],"woocommerce_thumbnail":["https:\/\/edmaspa.cl\/wp-content\/uploads\/2023\/08\/80w90-2-300x300.png",300,300,true],"woocommerce_single":["https:\/\/edmaspa.cl\/wp-content\/uploads\/2023\/08\/80w90-2-600x600.png",600,600,true],"woocommerce_gallery_thumbnail":["https:\/\/edmaspa.cl\/wp-content\/uploads\/2023\/08\/80w90-2-100x100.png",100,100,true]},"uagb_author_info":{"display_name":"admin","author_link":"https:\/\/edmaspa.cl\/index.php\/author\/"},"uagb_comment_info":0,"uagb_excerpt":"ACEITE 80W 90 946 ML Lubricante VALVOLINE 80W90 Mineral GL-5 es un aceite mineral para transmisiones de engranajes hipoidales en cajas de velocidad y diferenciales en uso severo de velocidad y carga. Apto para un amplio rango de temperaturas, High Performance Gear Oil 80W90 VALVOLINE est\u00e1 dise\u00f1ado para proveer excelente capacidad de transporte de carga,&hellip;","_links":{"self":[{"href":"https:\/\/edmaspa.cl\/index.php\/wp-json\/wp\/v2\/product\/2350","targetHints":{"allow":["GET"]}}],"collection":[{"href":"https:\/\/edmaspa.cl\/index.php\/wp-json\/wp\/v2\/product"}],"about":[{"href":"https:\/\/edmaspa.cl\/index.php\/wp-json\/wp\/v2\/types\/product"}],"wp:featuredmedia":[{"embeddable":true,"href":"https:\/\/edmaspa.cl\/index.php\/wp-json\/wp\/v2\/media\/2572"}],"wp:attachment":[{"href":"https:\/\/edmaspa.cl\/index.php\/wp-json\/wp\/v2\/media?parent=2350"}],"wp:term":[{"taxonomy":"product_brand","embeddable":true,"href":"https:\/\/edmaspa.cl\/index.php\/wp-json\/wp\/v2\/product_brand?post=2350"},{"taxonomy":"product_cat","embeddable":true,"href":"https:\/\/edmaspa.cl\/index.php\/wp-json\/wp\/v2\/product_cat?post=2350"},{"taxonomy":"product_tag","embeddable":true,"href":"https:\/\/edmaspa.cl\/index.php\/wp-json\/wp\/v2\/product_tag?post=2350"}],"curies":[{"name":"wp","href":"https:\/\/api.w.org\/{rel}","templated":true}]}}